divided by 22?
15
Let m = 121 - 118. Calculate the remainder when 43 is divided by m.
1
Let t be (0 - (-4)/6) + (-2096)/(-6). Suppose -6*n - 8*n = -t. What is the remainder when 173 is divided by n?
23
Calculate the remainder when 16 is divided by (-1)/(22/(-152) + (-2)/19).
0
Let d(h) = 4*h - 26. What is the remainder when d(15) is divided by (-3)/24 + 98/16?
4
Let c(v) = 181*v + 97. What is the remainder when c(8) is divided by 43?
40
Let h(c) = 33*c - 596. What is the remainder when h(27) is divided by 10?
5
Suppose -63 = -4*p + 521. Suppose 66 = 6*n + 24. Suppose n*m - 185 = 2*m. Calculate the remainder when p is divided by m.
35
Let t = 124 - 86. Let h = 6 + t. Calculate the remainder when h is divided by 15.
14
Let a(c) = c**3 + 2*c**2 + 2*c - 4. What is the remainder when 140 is divided by a(2)?
12
Suppose 10*d - 20*d = -1040. Calculate the remainder when d is divided by 63.
41
Let f = 4397 - 4368. Suppose 2*o - 60 = 282. What is the remainder when o is divided by f?
26
Let z(a) = -a**3 + 210*a**2 - 105*a**2 - 9 - 101*a**2. What is the remainder when z(-3) is divided by 20?
14
Let h = -63 - -103. Let m(t) = t**3 - 6*t**2 + 14*t - 7. Calculate the remainder when m(6) is divided by h.
37
Suppose -3*c - 36 = -15. Let g = -3 - c. Suppose 3*s + 6 + 0 = -5*z, s + 4*z = -9. Calculate the remainder when g is divided by s.
1
What is the remainder when (-8)/(6 - (-5949)/(-990)) is divided by 21?
19
Let h(w) = -129*w - 2315. Let x(n) = n**3 - 2*n**2 + 4*n - 2. Calculate the remainder when h(-19) is divided by x(4).
44
Let w(i) = 9*i**3 - 1. Let t be w(1). Suppose 5*r - t*r = 21. Let g = 34 - r. Calculate the remainder when g is divided by 22.
19
Let i be (3/2)/(2/28). Suppose 0 = 2*q - i - 43. Suppose -6*b + b = -55. What is the remainder when q is divided by b?
10
Suppose 10*g - 50 = 5*g. Calculate the remainder when 113 is divided by ((-10)/g)/((-1)/22) + 1.
21
Let g = 185 + -15. What is the remainder when g is divided by 19?
18
Let u(j) = j**3 - 43*j**2 - 132*j - 139. What is the remainder when u(46) is divided by 24?
17
Let d(f) be the third derivative of -6*f**2 + 0 + 0*f + 7/24*f**4 - 5/6*f**3 + 1/120*f**6 - 1/10*f**5. What is the remainder when 14 is divided by d(5)?
4
Let s = 29 - 29. Let q(t) = 7 + t - 6 + s + 7*t**2. Calculate the remainder when 79 is divided by q(-2).
25
Suppose 2*i = 5*g + 45, -2*g + 10 = 4. What is the remainder when 68 is divided by i?
8
Suppose -2*j + 220 = 3*j. Suppose -6*d = -4*d - j. What is the remainder when 85 is divided by d?
19
Let l = 293 - 165. Calculate the remainder when l is divided by 11.
7
Let p(a) = a**3 + 3*a**2 - 13*a - 6. Calculate the remainder when 37 is divided by p(-5).
1
Let y = 50 + -47. Let s(r) = r - 1. Let c be s(-3). Calculate the remainder when 1/2*c + 9 is divided by y.
1
Let m = -28 - -37. Let x = -3 + 2. What is the remainder when x - -2 - (-24 + -1) is divided by m?
8
Suppose -5*z = 3*y - 110, 0 = 11*z - 7*z - 4*y - 88. Calculate the remainder when z is divided by 5.
2
Suppose 2*d - b - 2*b - 40 = 0, d = 4*b + 10. Let u = -2294 + 2298. What is the remainder when d is divided by u?
2
Suppose t = 3*s + 536, -2*t + 5*s = -172 - 900. What is the remainder when t is divided by 5?
1
Suppose 0 = -p + 4*p + 498. Let g = 377 + -367. What is the remainder when (5/g)/((-1)/p) is divided by 17?
15
Suppose -3*b - 61 = -2*c, 4 - 60 = -2*c + 2*b. What is the remainder when c is divided by 8?
7
Suppose 4*f = 49 + 111. What is the remainder when 4/(f/18 - 2) is divided by 10?
8
Let y = 375 + -302. Calculate the remainder when 166 is divided by y.
20
Suppose -v + 66 = 23. Suppose 0 = -8*k + 3*k - 5. Calculate the remainder when v is divided by 1 - -9 - (k - 0).
10
Let j = -998 - -1855. What is the remainder when j is divided by 13?
12
Let d(s) = 15*s - 85. Let j be d(27). Suppose 2*q + j = 12*q. Calculate the remainder when 190 is divided by q.
30
Let z(o) = o + 9. Let w be z(-9). Suppose -h = -w*h + 9. Let y = -2 - h. Calculate the remainder when 19 is divided by y.
5
Suppose 2*p - 73 = 2*t - 17, 3*t - 8 = -p. Calculate the remainder when 23 is divided by p.
0
Let j = 19 - 9. Suppose 5*s - 2*p + 15 = 0, -3*s + 3 + 4 = 2*p. Calculate the remainder when j is divided by (s/3)/(3/(-27)).
1
Let h = -55 + 35. Let z = h + 25. Suppose -z*u - 4*n - n = -330, 0 = -2*u + 3*n + 112. Calculate the remainder when u is divided by 21.
20
Suppose 3*k + 3 = 0, 42 = 2*h - 4*k - 212. What is the remainder when h is divided by 16?
13
What is the remainder when 164/9 - 116/522 is divided by 2?
0
Let d = -33 - -135. Calculate the remainder when d is divided by 29.
15
Suppose 167*m - 236 = 163*m. Calculate the remainder when m is divided by 15.
14
Let l be (-2)/(-2*5/20). Calculate the remainder when (l/(-10))/(14/(-1400)) is divided by 25.
15
Suppose -z + 8 = -1. Let y = z - 5. Suppose 120 = 5*g + b, -3*g - b + y*b + 90 = 0. Calculate the remainder when g is divided by 9.
7
Suppose 37*y - 61755 = -32*y. What is the remainder when y is divided by 56?
55
Suppose 59 = -l - 5*z, z = l + 62 + 21. Let x = -43 - l. Suppose -4*y + 3*p + 46 = 0, -34 = -3*y - 0*y + 2*p. Calculate the remainder when x is divided by y.
6
Let c(r) = -r**2 - 4*r + 20. What is the remainder when 156 is divided by c(0)?
16
What is the remainder when 718/42 + (-32)/336 is divided by 2?
1
Let u = 1358 + -1350. Let z = -27 - 5. Let k = 62 + z. What is the remainder when k is divided by u?
6
Suppose -36 = -3*l + 5*h, 3*l + 14 = -4*h + 77. What is the remainder when 69 is divided by l?
1
Suppose 0 = -283*z + 293*z - 1350. Calculate the remainder when z is divided by 21.
9
Let v be -2 + 4*9/12. Calculate the remainder when 173 is divided by -87*(-3 - 33/(-9) - v).
28
Calculate the remainder when -4*(-5 - -7)/((-8)/494) is divided by 55.
54
Calculate the remainder when 108 is divided by (11 + 164/(-16))/(6/176).
20
Let y(f) = -f**2 - 7*f - 9. Let t be y(-4). Suppose -t*s - 6 = -54. Calculate the remainder when 58 is divided by s.
10
Suppose -r - 110 = -3*t, 7 = -3*t + 5*r + 113. Suppose 282 = 5*x + 4*d - 246, 5*x + 5*d - 525 = 0. Calculate the remainder when x is divided by t.
34
Let a be 0 + (322 - 8/(-4)*-1). Suppose 3 = -3*q, 5*d - q - a = 4*q. Let w = 24 - 8. What is the remainder when d is divided by w?
15
Suppose 0*h - 2*h = 2. Let l(p) = -18*p - 3. Suppose 4*a - 12 = 0, n + 0*n + a = 46. Calculate the remainder when n is divided by l(h).
13
Suppose -5*n + 4*x = 43, -7 + 24 = -n - 2*x. Let j = 26 + n. Calculate the remainder when 1027/39 + (10/(-3))/(-5) is divided by j.
12
Let l be (-6 - -9)*77/(-3). Let n = l + 134. Calculate the remainder when n is divided by 10.
7
Let u be (-38 + -40)/(0 - 4/6). Suppose -s + u + 121 = 0. What is the remainder when s is divided by 60?
58
Let h(y) = 3*y**2 - 5*y - 3. Let b(q) = -q**2 + q. Let x(t) = -4*b(t) - h(t). What is the remainder when x(8) is divided by 19?
18
Suppose -4*b = -4*d - 108, -13*b + 18*b = d + 119. What is the remainder when b is divided by (-2)/8 - 57/(-4)?
9
Suppose -4*p - 122 = -2*f, 35*f + 117 = 37*f - 3*p. Calculate the remainder when 101 is divided by f.
50
Let a = 30 + -25. Let l(t) = -3*t**2 + 20*t + 1. What is the remainder when l(a) is divided by 5?
1
Suppose -2*m - 3*a = -2331, 0 = 4*a + a + 5. What is the remainder when m is divided by 13?
10
Suppose 11*m + 97 = 372. Calculate the remainder when 71 is divided by m + (1 - 0)/(-1).
23
Suppose 6*b = 2*b + 240. Suppose 0 = -6*q + 11*q - b. What is the remainder when q is divided by 7?
5
Let p = 694 + -537. Calculate the remainder when p is divided by 8.
5
Let l(y) = -79*y**2 - 268*y + 6. What is the remainder when l(-3) is divided by 2/(4*2/84)?
15
Let b = 31 - -4. Let q(i) = 16*i**3 + 4*i**2 - 2*i - 1. Calculate the remainder when q(2) is divided by b.
34
Suppose 7*g - 248 = 53. Suppose 61*a = 60*a + g. Calculate the remainder when a is divided by 11.
10
Let x(k) be the third derivative of 1/4*k**4 + 0 + 8*k**2 - k**3 + 0*k. Calculate the remainder when 141 is divided by x(7).
33
Let a = -17 - -20. Suppose 3*z - 156 = -0*j + a*j, 245 = 5*z - 2*j. What is the remainder when z is divided by 12?
11
Let f(m) = -m**3 + 7*m**2 - 34*m + 250. What is the remainder when 104 is divided by f(7)?
8
Let n(w) = w**2 - 24*w - 412. What is the remainder